is 3 + -13485?
-13482
In base 2, what is 1000110011000000001100011 + -101?
1000110011000000001011110
In base 2, what is 10000000101010 - 101010110?
1111011010100
In base 11, what is 5 - -23988a9?
2398903
In base 15, what is -11e3 + -b54?
-1d47
In base 16, what is 63d - -2097?
26d4
In base 3, what is -111200 - -221101220221?
221101102021
In base 6, what is -1224 + -244553?
-250221
In base 15, what is 3106b - 1c?
3104e
In base 13, what is 3b9cc1a8 + -3?
3b9cc1a5
In base 2, what is -110010011111010011100101010 + 1?
-110010011111010011100101001
In base 5, what is -24110410000 - -10?
-24110404440
In base 3, what is 1 - -1110000011120202?
1110000011120210
In base 4, what is 3231303 - 2100232?
1131011
In base 10, what is -146391 - -13?
-146378
In base 10, what is 1 - -313746571?
313746572
In base 10, what is -7 - -569375?
569368
In base 16, what is 2ce7bc + 7?
2ce7c3
In base 11, what is 519 - 797a0?
-79282
In base 2, what is 111100011011101001011101100011 + -1?
111100011011101001011101100010
In base 2, what is -10101111101111 + 1100000000000100?
1001010000010101
In base 3, what is -1211022201 - 102111?
-1211202012
In base 13, what is 4aa9c - 404?
4a698
In base 8, what is 5705666 - -2?
5705670
In base 4, what is -21131130 + 231022?
-20300102
In base 8, what is -1322625 - 3?
-1322630
In base 2, what is -10 + -101110010100111001100011?
-101110010100111001100101
In base 4, what is 112021222 - 212?
112021010
In base 7, what is 5345 + 1135441?
1144116
In base 13, what is 5 - -13831b?
138323
In base 5, what is 342210311 + 202?
342211013
In base 7, what is -24010 + 162613?
135603
In base 5, what is 1441300 + -1321?
1434424
In base 10, what is -140140 - -64?
-140076
In base 10, what is -1621688 + -2?
-1621690
In base 4, what is 30 - -333010111333?
333010112023
In base 4, what is -1311200121 - -20?
-1311200101
In base 5, what is -100432024221 - 2?
-100432024223
In base 11, what is 254 - -244a763?
244aa07
In base 9, what is -2 - 27730107?
-27730110
In base 11, what is -235 + -24255?
-2448a
In base 15, what is -3 + cc506?
cc503
In base 3, what is -2111200020 - 210?
-2111201000
In base 10, what is 262196024 + -5?
262196019
In base 12, what is -44a08 + -446?
-45252
In base 6, what is 3 + 3242143252?
3242143255
In base 14, what is -45 + 2c61d8?
2c6193
In base 16, what is -95023a7 + 3?
-95023a4
In base 15, what is 480 - 2bd?
1b2
In base 16, what is -1d - 14e4?
-1501
In base 6, what is -1135325 + 14?
-1135311
In base 16, what is 23143 - -ee?
23231
In base 4, what is 1022101 + 21331?
1110032
In base 14, what is 19c537 + 1b?
19c554
In base 10, what is 390 - -35850?
36240
In base 14, what is -6d2637 + a?
-6d262b
In base 5, what is -24121334220 - 12?
-24121334232
In base 10, what is -11 + -658552?
-658563
In base 2, what is -111100111000 - -10101000010101?
1101011011101
In base 8, what is -172 + 16664671?
16664477
In base 5, what is -102 - 11433100032?
-11433100134
In base 12, what is 322b6 + -285?
32031
In base 4, what is 22130032331202 + -10?
22130032331132
In base 16, what is -59f0 + -d?
-59fd
In base 14, what is -1271 + 1055?
-21a
In base 5, what is 11 - -1210244423?
1210244434
In base 3, what is 11001 + 110011211?
110022212
In base 4, what is 1110 - 30300013?
-30232303
In base 6, what is -552 + -2124220?
-2125212
In base 13, what is -687c + -b50?
-76cc
In base 3, what is 11200220022 + 1120?
11200221212
In base 5, what is 11430 - -4112214?
4124144
In base 3, what is -12212120001022 + 12?
-12212120001010
In base 3, what is 1121 + 2021200012110012?
2021200012111210
In base 2, what is -110 + 1101001111011001001111?
1101001111011001001001
In base 7, what is 150 + 142411513?
142411663
In base 15, what is 42000 + -446?
41aa9
In base 3, what is -11 + -122020210011?
-122020210022
In base 11, what is -3 + -8727401?
-8727404
In base 13, what is -99a7857 + -8?
-99a7862
In base 7, what is 3044 - -1114100?
1120144
In base 14, what is 86 + -b591b?
-b5875
In base 12, what is -5 + 46a8720?
46a8717
In base 6, what is -3202 + 420223?
413021
In base 12, what is a6 - 3aab?
-3a05
In base 14, what is -10887 - -2ad?
-105b8
In base 9, what is -2 + 1474147?
1474145
In base 9, what is 25485 - -556?
26152
In base 9, what is 1 + 6603002?
6603003
In base 8, what is -51075250 - 6?
-51075256
In base 14, what is a18d + 30?
a1bd
In base 7, what is 62 - 1652532?
-1652440
In base 12, what is 78 - 1b0740?
-1b0684
In base 10, what is -30038 + 314?
-29724
In base 9, what is -1855680 - 48?
-1855738
In base 15, what is -3b63ac + -2?
-3b63ae
In base 8, what is 22642 + 763?
23625
In base 9, what is 14785 + 117546?
133442
In base 16, what is -14d - 12de5?
-12f32
In base 3, what is -210111 + -120200102001?
-120201012112
In base 15, what is 4 + -88dc4?
-88dc0
In base 9, what is 14 - -14678?
14703
In base 8, what is 2633 + 13015?
15650
In base 8, what is 15 - 2340116?
-2340101
In base 6, what is -5 - 2132340?
-2132345
In base 3, what is 12 + -1221202210220001?
-1221202210212212
In base 9, what is -46140 + -6301?
-53441
In base 10, what is 840283 + -5?
840278
In base 13, what is -bc9b + 6?
-bc95
In base 12, what is 2445506 - 2?
2445504
In base 13, what is -1578b6 + -14?
-1578ca
In base 4, what is -11322 + -123222320?
-123300302
In base 7, what is -1162 - -2514260?
2513065
In base 8, what is -1364135760 + -2?
-1364135762
In base 2, what is -100111110 - 10001101010000111101?
-10001101010101111011
In base 3, what is -21 + -122222200210010?
-122222200210101
In base 3, what is 100121210101220 + -10?
100121210101210
In base 8, what is 62 + 12114707?
12114771
In base 11, what is -1611521 - 4?
-1611525
In base 16, what is -58 - -49a?
442
In base 3, what is -211111102212 - 2102?
-211111112021
In base 16, what is -470f + af?
-4660
In base 11, what is -1958 + -21?
-1979
In base 16, what is -24ecd + 15?
-24eb8
In base 5, what is 0 + 204210420?
204210420
In base 3, what is 1 - 1112200110111?
-1112200110110
In base 8, what is -441560 + -1526?
-443306
In base 13, what is 112344 + 8?
11234c
In base 6, what is -541152 - 4422?
-550014
In base 14, what is 127b - -2470?
370b
In base 8, what is -25604 + -31056?
-56662
In base 13, what is a - -179659a?
17965a7
In base 3, what is -200122012121 + 2210?
-200122002211
In base 14, what is 19781d - -4?
197823
In base 5, what is 241 + -10112242?
-10112001
In base 3, what is 21020002 - 1221201120?
-1200111111
In base 3, what is 200102 + -1100110?
-200001
In base 8, what is -5 + 3012570?
3012563
In base 8, what is 43324 + -614?
42510
In base 11, what is 732 - 190645?
-18aa13
In base 10, what is -8 - 30483?
-30491
In base 4, what is -12010030132 + 331?
-12010023201
In base 16, what is -124e + c4?
-118a
In base 12, what is -105678208 - -1?
-105678207
In base 16, what is -2 - 653c4?
-653c6
In base 10, what is -523979 - -14?
-523965
In base 13, what is 1ccb7 + -858?
1c45c
In base 12, what is -107534ba - -4?
-107534b6
In base 4, what is -102021 - 332120201?
-332222222
In base 15, what is -31 + -585c1c?
-585c4d
In base 4, what is 3 + 2132032?
2132101
In base 7, what is -142256545 - 2?
-142256550
In base 10, what is -2944584 + 12?
-2944572
In base 3, what is -1201210211102122 + 10?
-1201210211102112
In base 13, what is -270b03 + -4?
-270b07
In base 9, what is -2058 - 40751?
-42820
In base 8, what is 54 - -1203552?
1203626
In base 7, what is 33553032 + -516?
33552213
In base 10, what is 698708 - -1?
698709
In base 4, what is 31021 - -123013331?
123111012
In base 8, what is -1656 - -657067?
655211
In base 12, what is -2 + -1298926?
-1298928
In base 7, what is -3 + 46641363?
46641360
In base 3, what is -12111112010010 - -1?
-12111112010002
In base 12, what is -19 + 22a816?
22a7b9
In base 15, what is -7 - -532c406?
532c3ee
In base 9, what is 2 - -171145675?
171145677
In base 5, what is 322003102 + 22?
322003124
In base 9, what is 4138086 + -7?
4138078
In base 16, what is -2 - -1c44eb2?
1c44eb0
In base 6, what is 25 + 100115151?
100115220
In base 9, what is -50305 - -1044?
-48251
In base 13, what is 1 - -720ba?
720bb
In base 6, what is -132 - -4010331?
4010155
In base 6, what is -31 + -2100415300?
-2100415331
In base 7, what is 2363116 + 125?
2363244
In base 16, what is -645 + -177a5?
-17dea
In base 6, what is 2452542 + 40415?
2533401
In base 2, what is -111010001001010100100001 + -10?
-1110100010010